 the remainder when b is divided by 214.
145
Suppose 6*d + 4368 - 1272 = 0. Let c = -481 - d. Let n(i) = 3*i**2 - 7. What is the remainder when n(6) is divided by c?
31
Let n = -238 - -154. Calculate the remainder when 63/n - 111/(-4) is divided by (12 + 2)/(0 + 1).
13
Let u = -4631 + 12149. What is the remainder when u is divided by 40?
38
Let u be (-4)/(-10) - (-7 - 27/(-5)). Suppose -2*m = 3*q - 18, 5*m - 3*q - 12 - 12 = 0. Suppose 468 = m*w - u*w. What is the remainder when w is divided by 24?
21
Let z = -222 - -225. What is the remainder when ((-60)/5)/z*-8 is divided by 30?
2
Suppose 3*n - 252*g + 255*g = 186, -4*n = -4*g - 200. What is the remainder when 250 is divided by n?
26
Let n = -382 + 540. Suppose 2*h - h = -5, b - n = 2*h. What is the remainder when b is divided by 30?
28
Suppose 0 = 3*a - 6*a + 525. Suppose 19*v - 813 = 23. Calculate the remainder when a is divided by v.
43
Let q = 3635 + -3507. What is the remainder when 367 is divided by q?
111
Calculate the remainder when (9 + -21 + 10 - -6)*(-194)/(-4) is divided by 37.
9
Calculate the remainder when 24/((-36)/(-9)) - (-1462 + (-4)/2) is divided by 64.
62
Suppose 4*l - 5*a = 18 - 1166, -l = -5*a + 302. Let m = l + 306. What is the remainder when m is divided by 10?
4
Let o(q) = -88*q**3 - 8*q**2 + 27*q + 134. What is the remainder when o(-4) is divided by 12?
10
Suppose 11 = 2*m - 5*g, 7*m - 16*g + 18*g - 136 = 0. What is the remainder when 2890 is divided by m?
10
Suppose 0 = -0*p - 4*p + 44. Suppose 4*d - 15 = -5*x + 10*x, -2*x + d = 3. Calculate the remainder when 8/((-24)/(-41))*(x + 2) is divided by p.
8
Suppose -2*t + 117 - 7 = 0. Suppose 21*a - 48 = 18*a. What is the remainder when t is divided by a?
7
Let b = 402 + -400. Suppose 5*g - 1884 = -4*n, 8*g - 10*g + 754 = b*n. What is the remainder when g is divided by 18?
16
Suppose 18*k - 17*k + 87 = 0. Let j = k - -89. Suppose 7*n = -10 + 17. Calculate the remainder when j is divided by n.
0
Suppose 12*g + 9613 - 14545 = 0. Calculate the remainder when g is divided by 138.
135
Suppose -c + 75 = -2*g + 4*g, -99 = -3*g + 3*c. What is the remainder when 30/4 + 9652/152 is divided by g?
35
Suppose 0 = 5*b + 3*z - 275, 3*b - 8*b - 4*z + 275 = 0. Suppose 8*l = 17*l - 126. What is the remainder when b is divided by l?
13
Suppose -5*v = -4*j - 42, -2*j - 9 = -v + 15. What is the remainder when 98*(j/(-2) - 6) is divided by 25?
24
Suppose 2*u = u + 5*r + 1495, 0 = 10*u - 4*r - 15134. Calculate the remainder when u is divided by 46.
43
Let b(g) = 11060*g + 110683. Suppose 0 = -p + 7*s - 2*s + 17, -3*s - 6 = 0. What is the remainder when b(-10) is divided by p?
6
Let h(f) = -f**3 + 11*f**2 - 30*f + 78. What is the remainder when 92 is divided by h(8)?
2
Suppose -36 - 54 = -5*y. Let b = 852 + -369. What is the remainder when b is divided by y?
15
Let d(r) = -62*r - 11. What is the remainder when 724 is divided by d(-1)?
10
Calculate the remainder when 12*((-2926)/231)/(1*1/(-3)) is divided by 46.
42
Suppose 2*p - 530 = 3*c, 41*c = 46*c + 10. What is the remainder when p is divided by ((-22)/(-6))/(2/18)?
31
Let t be -4*((-30)/(-32))/(3/(-4)). Calculate the remainder when -1 - (-1 + -56 + 2) is divided by -76*t/30*6/(-4).
16
Let g(q) = -q - 18. Let z be 3390/(-285) + 2/(-19). Let w be g(z). Let d = w - -32. Calculate the remainder when d is divided by 15.
11
Suppose 70*y + 149*y - 64*y = 17980. What is the remainder when 795 is divided by y?
99
Suppose 0 = 5*m - 3*k - 42, -2 = -3*m - 3*k + 4. What is the remainder when 77 is divided by m + (-5 - -15) + -6?
7
Suppose -122 + 1 = -11*h. Calculate the remainder when 215 is divided by ((-2)/(-3))/((99/h)/243).
17
Let n = 4 + -12. Let f(r) = -8*r - 29488 - 3*r + 2*r - 18*r + 29455. What is the remainder when f(n) is divided by 31?
28
Let h(o) = -787*o - 14033. Calculate the remainder when h(-18) is divided by ((-1)/2)/(2/(-180)).
43
Let m be -1*(-261)/6*6. Let x = 47 + m. Let r = x + -208. What is the remainder when r is divided by 29?
13
Suppose 0 = 2*k + k - 330. What is the remainder when k is divided by 1820/520*(-180)/(-21)?
20
Suppose -5*c = 2*u - 170 - 238, 4*c - 5*u = 366. What is the remainder when 84 is divided by c?
0
Let f(a) = 10*a + 270. Let z be f(-27). Suppose z = 102*p - 99*p - 21. What is the remainder when 17 is divided by p?
3
Let k(y) = y**3 - 6*y**2 + 4*y + 3. Let t be 14/3*(3 + (-108)/(-8)). What is the remainder when 8225/t - 4/(-22) is divided by k(6)?
26
Suppose 0 = 16*d - 934 - 298. Suppose 7*g - d = 14. Let w = 79 + -4. Calculate the remainder when w is divided by g.
10
Suppose 6*i + 35*i - 193 = 1775. Suppose -4*g + 5*d = -776, -2*g + 127 = -5*d - 271. What is the remainder when g is divided by i?
45
Let b be 98/(-539) - 230*(-4)/(-22). What is the remainder when 13 is divided by (70/b - 4/(-6))*-3?
1
Suppose z = -5*f - 2, -4*z + 24 = -2*z - 4*f. Suppose z*i + 2*i = 2820. Calculate the remainder when i is divided by 57.
54
Suppose -15*s - 525 = -20*s - 3*w, 3*w = s - 87. Suppose n = -3*n + 44. Calculate the remainder when s is divided by 229/n + 22/121.
18
Let i = -11994 + 12143. Calculate the remainder when i is divided by 12.
5
Suppose 7 = n - 5*h - 15, -30 = -3*n - 3*h. Calculate the remainder when 500 is divided by n.
8
Suppose -r - 3*y + 1180 = 0, -4*y = r - 589 - 593. What is the remainder when r is divided by 25?
24
Suppose 68 = 4*n + 796. Let y be (5 - n/(-35)) + (-19)/5. What is the remainder when -4*(0 - (-69)/y) is divided by 9?
6
Suppose 0 = -4*i + 2*i + 4*a - 1004, -4*i - 5*a = 2047. Let y = -290 - i. What is the remainder when y is divided by 11?
9
Let b be -1*5*(2 - 13 - -7). Let v(m) = -11*m - 6. What is the remainder when v(-6) is divided by ((-16)/10)/((-2)/b)?
12
Let w = 276 + -224. Suppose -w*k + 51*k = -76. Calculate the remainder when k is divided by 40.
36
Suppose 0*a + 2*a - 713 = -5*m, 4*m + 5*a = 584. What is the remainder when m is divided by 48?
45
Let a = 74 - 50. Let v(k) = 9*k**2 - 59*k - 85. Let r(p) = 5*p**2 - 30*p - 42. Let x(i) = 7*r(i) - 4*v(i). What is the remainder when x(25) is divided by a?
23
Suppose 4*b = -227 - 117. Let o be (-90 - -25)*(-14)/(-5). Let n = b - o. What is the remainder when n is divided by 33?
30
Let d be (-60)/(-10) + (-239)/(-1). Let y = d - 190. What is the remainder when 105 is divided by y?
50
Let y be 8/(2 - 0/1). Let c be (y - 5)*-4 - 1. Suppose c*j - 6*j - a + 22 = 0, j - 3*a = 4. Calculate the remainder when j is divided by 4.
3
Let m(j) = -j + 68. Let b be 15/25 - 3/5. Suppose 5*k = 32 + 63. Calculate the remainder when m(b) is divided by k.
11
Let x(g) = 2*g**3 - 6*g**2 + 24*g - 40. What is the remainder when 8533 is divided by x(4)?
85
Let t(w) = 13*w - 2. Let y be t(1). Suppose 0 = y*v + 2*v - 65. Suppose -v*h = -3*h - 2, 3*h - 17 = -o. What is the remainder when 45 is divided by o?
3
Suppose 2*f - 27 + 9 = 0. Let u = f - 3. Calculate the remainder when u is divided by 89/22 - (-39)/(-858).
2
What is the remainder when (0 - 1926)*(-1)/2*4/3 is divided by 185?
174
Let l(s) = 26*s - 52. Let v be l(2). Suppose v = 6*o - 520 + 82. What is the remainder when 158 is divided by o?
12
Let v = -32491 - -32498. What is the remainder when 3274 is divided by v?
5
Let k(y) = y**2 - 11*y + 12. Let q be k(10). Let d be (-4*3/2)/(2*-1). What is the remainder when 44 is divided by d*(3/2 - q)*-6?
8
What is the remainder when 253 is divided by (-570)/(-4275) - (1 + 0 - 206/30)?
1
Let m(x) = 120*x - 3085. Calculate the remainder when 40 is divided by m(26).
5
Let i be -117*(-1 + ((-4)/(-12))/1). Let a = 84 - i. Calculate the remainder when ((-24)/20)/(-3) - (-226)/10 is divided by a.
5
Let g(r) = 4390*r - 4351. Calculate the remainder when 216/(-10)*15/(-2) is divided by g(1).
6
Suppose -25*x - 7568 = -29*x. Suppose -78*c + 67*c = -x. Calculate the remainder when c is divided by 9.
1
Let c(k) = -43*k - 5. Let p(l) = -6*l + 15. Let t be p(3). Calculate the remainder when c(t) is divided by 16.
12
Let q(x) = 69*x - 442. What is the remainder when 354 is divided by q(7)?
26
Let x(l) = -3*l**3 + 284*l**2 + 97*l - 133. Calculate the remainder when 270 is divided by x(95).
42
Suppose -2065*v + 4122*v + 1585 = 2058*v. Calculate the remainder when v is divided by 786.
13
Suppose 16*r = -6*r - 89 + 639. Suppos